- 4*w(t). What is i(-1)?
-69
Suppose -4*i + 5*j = 7, 4*i + 0*j = 3*j - 17. Let n(y) = 2*y**2 - 24*y + 2. Let q be n(12). Let m(g) = -10*g + 5*g + 7*g**2 + 10 - 8*g**q. Give m(i).
-14
Let r = 3806 - 3810. Let i(o) = -o**3 - o**2 + o - 5. Calculate i(r).
39
Let l(j) be the second derivative of 0 - 1/20*j**5 - 2*j**2 + 5/12*j**4 + 14*j - 1/2*j**3. Suppose -10 - 38 = -12*g. Determine l(g).
0
Let p(n) = 105 + 124 + 100 - n - 11*n**2 - 328. Determine p(-3).
-95
Let p(x) = -3*x**3 - 34*x**2 - 26*x + 17. Suppose 20*l = -21*l + 205. Let u(b) = -2*b**3 - 22*b**2 - 17*b + 11. Let d(c) = l*p(c) - 8*u(c). Give d(-3).
6
Let c be (3 + 2/(-2))/((-364)/1274). Let d(t) = -t + 30. Give d(c).
37
Let w = -44616 - -44615. Let t(f) be the second derivative of 8*f**5/5 - f**3/6 + 2*f. Determine t(w).
-31
Let b be ((-15)/(-10))/(24/(-176) + 0). Let j(u) = -u**2 - 5*u + 14. Calculate j(b).
-52
Let g(j) be the third derivative of -j**5/60 - 5*j**4/24 + j**3/2 + 1669*j**2. Suppose m + 6 = 4*m. Suppose 5*o + 24 = -3*t, -m*t + 1 = -2*o - 15. What is g(o)?
-3
Let a be (-2)/8 + (-1029)/(-196). Let q(u) = 10857*u - a - 10863*u - 5. Give q(-3).
8
Let y(t) = -2*t + 7. Let z(d) = -3*d + 17. Suppose 8*r + 2*l = 7*r - 11, 5*r = 5*l - 10. Let n(i) = r*y(i) + 3*z(i). Calculate n(-12).
4
Let d(v) = v**3 + v**2 - v + 8. Let n be d(0). Suppose l = -3*l - n. Let p(t) be the second derivative of t**5/20 + t**4/4 - t**3/6 - t**2 - 3296*t. Give p(l).
4
Suppose 3*c - 7*q = -3*q, -4*q = 0. Let u(t) = 0*t**2 + t - t**2 - 15 + 16. Let z(b) = -2*b**2 + 2*b + 3. Let d(s) = 13*u(s) - 6*z(s). What is d(c)?
-5
Let z(u) = u**3 + 11*u**2 - 13*u + 2. Let s(q) = 26*q + 160. Let f be s(-6). Suppose 0 = -5*o - f*v - 44, -3*v = -o - 2*v - 16. Give z(o).
14
Let n(g) = g**2 + 7*g + 6. Suppose -5*r - 51 = 264. Let v = 78 + r. Let s be ((-2)/(-6))/(v/(-225)). What is n(s)?
-4
Let n(p) = 5*p + 3. Let j = 4592 + -4577. Give n(j).
78
Let k(p) be the second derivative of -5 - p - 7/2*p**2 + 1/6*p**3. Calculate k(-5).
-12
Let h(p) = 1129*p + 46. Let k(a) = 2438*a + 91. Let q(g) = 13*h(g) - 6*k(g). Give q(-1).
3
Suppose 0 = 119*c - 49*c + 420. Let o(r) be the third derivative of -r**6/120 - r**5/12 + 5*r**4/24 - r**3/3 + 2*r**2. Give o(c).
4
Let d = -304 - -307. Let g(l) = 13*l - 6. Calculate g(d).
33
Suppose 3*a - o - 150 + 152 = 0, 2*a + 4*o = 22. Let d(g) = -5*g**2 - 2*g + 1. Give d(a).
-6
Let z(q) = q**3 - 8*q**2 + 26*q - 142. Suppose -27 = -3*j, -3*v - 98*j + 100*j + 3 = 0. Determine z(v).
-9
Let y(f) = f**2 + 7*f - 4. Suppose 2 + 9 = -3*b - 1. What is y(b)?
-16
Let y(t) = -t**3 + 8*t**2 + 24*t - 14. Let z be y(9). Let o = z + -124. Let c(b) = b + 2. Determine c(o).
-1
Let n(v) be the second derivative of v**4/6 + 11*v**3/6 + 9*v**2/2 + 13664*v. Let s = -3 - 4. Give n(s).
30
Let c(t) = -10*t**3 + 28*t**2 - 47*t - 12. Let z(a) = -3*a**3 + 9*a**2 - 14*a - 4. Let o(b) = 2*c(b) - 7*z(b). What is o(7)?
32
Let n(u) = -12*u**2 - 2*u - 1. Let p be (-2)/3 + 64/(-12). Let t(y) be the first derivative of -y**3/3 - 5*y**2/2 + 5*y + 1. Let k be t(p). Calculate n(k).
-11
Let j be -2 + (-2 - -1) + (-2)/(-2). Suppose -i = 7 - 11. Let y(r) = 3*r + 1 + 3*r**3 - 4*r**3 - i*r**3 + 4*r**3. Determine y(j).
3
Let n be ((-66)/(-4))/(((-621)/72)/(-23)). Let a be ((-12)/8)/((-1)/2). Let v(l) = l**a + 6*l**2 - 3*l - 6*l**2 - 43 + n. Give v(2).
3
Let i(n) = -5*n - 4 - n - 2*n + 10*n + 0*n. Let o = 3 - 7. Calculate i(o).
-12
Suppose 0 = -13*l + 10*l + 3, 9 = 2*o - l. Let t(y) = -6*y**2 + 4*y**2 - 3 + 4*y**2 - y**2 - 5*y. What is t(o)?
-3
Let u(n) = -n**2 - 20*n + 28. Let v(a) = -a**3 + 53*a**2 - 2*a + 89. Let s be v(53). What is u(s)?
79
Let i(o) = 4*o + 15 - 16 - 2*o**2 - 6*o + 0*o**2. Suppose 50 = 4*c + 2*d, 2*c - d - 22 = -3. Suppose 5*n + g + 8 = 0, -2*n + 4*g + c = -n. Calculate i(n).
-1
Let s(k) = -k + 75. Let q be (-4 - -4)/(53 - 66). Determine s(q).
75
Suppose 0 = -12*m + 429 - 345. Let p(i) = 2*i**2 - 6*i + 6 - 7 - 8*i**2 + 7*i**2 - 9. Determine p(m).
-3
Let u(o) = 122 - 44*o + 7 + 75 + 55*o. Determine u(-18).
6
Let b(x) be the third derivative of -3*x**3 + 10*x**2 + 0 + 0*x - 1/12*x**4 + 1/120*x**5. Let h(n) be the first derivative of b(n). What is h(-4)?
-6
Let d(p) = -2*p**2. Suppose -3*l + h - 31 = -6, -5*l = h + 39. Let t be l/(-16)*(-4)/3*3. Let u be (-10)/(-4)*((-16)/10)/t. Calculate d(u).
-8
Let f(u) = -u**3 - 6*u**2 - 3*u + 1. Let k = -136 - -139. Let a be k/((-27)/29) - (-4)/18. Determine f(a).
-17
Let t(u) = u**3 + 14*u**2 - 37*u - 62. Let j be t(-16). Let r(f) = f**3 - 18*f**2 - 2*f + 13. Give r(j).
-23
Let r(v) = 5 - 3*v**2 + 4 + v**2 - 5 - v**2 - 5*v. Give r(3).
-38
Let a(l) = 53 + 11*l + 12*l**2 - 64 + 8*l**2. Let k be a(1). Let t(b) = b**2 - 20*b + 2. Determine t(k).
2
Let i(s) = -s**3 - 22*s**2 + 26*s + 76. Let g be i(-23). Suppose 3*k + g*m - 6*m + 13 = 0, -4 = m. Let l(x) = -x**3 - 2*x**2 + 2*x + 1. Determine l(k).
4
Let p(m) = m**2 + 6*m - 1. Let c be p(-5). Let x(r) = 8893*r + 0*r**3 - 8902*r + r**3 - 10 + 5*r**2. What is x(c)?
8
Suppose 14*c - 35 = 343. Suppose -7*p - c = 1. Let z(d) = -d**3 - 5*d**2 - 3*d + 4. Give z(p).
0
Let i(r) = 14*r + 64. Let v(p) = -23*p - 97. Let a(k) = -8*i(k) - 5*v(k). Give a(7).
-6
Let p(w) = 6*w**3 - w**2 + 2*w - 1. Suppose 4*s + 12 = s. Let u be (s - 24/(-9))/(4/(-9)). Suppose 4*v - 7 = -u. Determine p(v).
6
Let v(n) = -4*n**2 - 4*n - 3. Let s = -121 - -112. Let q(w) = w**2 + w + 1. Let t(x) = s*q(x) - 2*v(x). Let k(m) = m**2 - 4*m - 3. Let a be k(4). What is t(a)?
-9
Let h(v) = -2477*v**2 + 15*v - 22*v + 2478*v**2 + 31. Calculate h(5).
21
Suppose -118 = -6*c + 32. Suppose -3*a = 2*a + c. Let j(z) = -z**3 - 6*z**2 - 2. Calculate j(a).
-27
Let b = 123 - 112. Let l(y) = y**3 - 9*y**2 - 15*y - 8. What is l(b)?
69
Let s be 46/299 + 267/39. Let k(b) = 3*b**2 - 21*b + 5. Let g(v) = v**2 - 7*v + 2. Let d(q) = 17*g(q) - 6*k(q). What is d(s)?
4
Let r = -33779 + 33774. Let s(t) be the third derivative of 1/8*t**4 + 0 + 0*t + 1/60*t**5 - 2/3*t**3 - 2*t**2. Give s(r).
6
Let r(u) be the first derivative of -u**4/4 + 5*u**3/3 - u**2 + u - 677. Calculate r(3).
13
Let z(t) be the first derivative of t**2/2 + t + 10. Let v(m) = m**3 - 8 - 4*m - 6*m + 8*m**2 - 4*m + 5*m. Let l be v(-9). Determine z(l).
-7
Let a be 5/2 + 65/(-10) + 10. Let l(o) = -o**3 + 8*o**2 - 14*o + 25. Calculate l(a).
13
Let y be (-14)/(-4) - 111/74. Let v(h) = -172*h - 2 + 0 + 175*h - 1 - 6*h**y + 0. Determine v(1).
-6
Let q(x) = -39*x - 49. Let i(z) = 16*z + 26. Let l(n) = 5*i(n) + 3*q(n). Give l(-1).
20
Suppose 51*w - 62*w + 39688 = 0. Let j(t) = -w - 3617 + 7231 - 4*t. Calculate j(3).
-6
Let c(h) be the first derivative of h**4/4 - 2*h**3 + 2*h - 4. Suppose -3*k + 10 = 2*u, k - 35*u = -32*u + 18. What is c(k)?
2
Let c(w) = -w - 1. Let z(h) = -18*h + 1. Let d(s) = 2*c(s) + z(s). Suppose -7*y = -51*y - 44. Let m be y*((-2 - 0) + 1). Give d(m).
-21
Let q(t) = -t**2 + 5*t + 16. Let j(h) = 42*h + 35. Let b be j(-1). What is q(b)?
-68
Let u be ((-2)/(-4))/(4/616). Let i = u + -68. Let j(r) = 5 + i*r**2 + r**3 - 2*r - 12 - 9*r. Determine j(-10).
3
Suppose 0 = l + 11 - 20. Let s(n) be the second derivative of -n**4/12 + 3*n**3/2 - 11*n**2/2 + 4*n - 10. Give s(l).
-11
Let n(y) = -7*y + 16. Let q(w) = 16*w - 34. Let k(o) = 9*n(o) + 4*q(o). Let v = 230 - 218. Calculate k(v).
20
Let t(p) be the third derivative of 5*p**4/24 + p**3/2 - p**2. Let f = 264443 - 264446. Calculate t(f).
-12
Let i be (9/(-4))/((-60)/(-160)). Let n be 2*(i - -12)/6. Let k(h) = h**2 - h - 1. Give k(n).
1
Let y(o) be the second derivative of -33*o**5/20 + o**4/12 - o**3/6 - o**2/2 - 3523*o. Calculate y(-1).
34
Let g be 178/(-14) + 26/(-91). Let i(k) = 31*k + 7. Let n(u) = -7*u - 1. Let x(a) = -4*i(a) - 18*n(a). What is x(g)?
-36
Let m(p) = 12444 - 7*p**2 - 8*p - 2*p + p**3 - 12448. Calculate m(8).
-20
Let j(g) = -g**3 - 2*g**2 + 3*g. Let q = 266 - 209. Suppose -q = 27*f - 3. Give j(f).
-6
Let y(b) = b**2 + 7*b + 5. Let n = -4088 + 4093. Let s(f) = f**3 + 2*f**2 + 2*f + 1. Let z be s(-1). Suppose -g = 2*x + 8, -5*x + z*x - n = 0. Determine y(g).
-1
Let x(s) = s - 12. Let t be x(12). Let j be 0/(t + -2 + 3). Let n(g) be the first derivative of -g**4/4 + g**2/2 + 7*g + 53. Determine n(j).
7
Let s be (-13)/(-65) + 3/(-15). Let h(z) = 11*z - 5. Give h(s).
-5
